se -5*q + 20 + 15 = 0. Let u(l) = 14*l - 1. Is u(q) composite?
False
Suppose 21 = 4*x - 155. Suppose -2*t - 4*f - 43 = -1, -4*t + f - 39 = 0. Let k = t + x. Is k a prime number?
False
Suppose -6*m = -m - 4*b - 240, -3*m + 5*b + 131 = 0. Let z be (-2)/(m/25 - 2). Is ((-8)/20)/(1/z) prime?
False
Let i(g) = g. Let s be i(-8). Let p be (15/(-10))/((-6)/s). Let f(k) = -7*k**3 - 2*k**2 + k + 1. Is f(p) a prime number?
True
Let p(m) = 31*m**3 + 2*m**2 - 4*m + 3. Is p(2) prime?
True
Let c = 5 + -3. Suppose 926 = 3*o + 5*x, c*x + 3 = 5. Is o a prime number?
True
Let x(i) = -i - 1. Let h be x(-1). Suppose 2*b - b + q + 22 = h, 32 = -2*b + 4*q. Is 110/8 + (-5)/b a prime number?
False
Suppose 2*v + v + 93 = 3*h, 5*v = 15. Is h prime?
False
Suppose -2*y + z = -856, -88 = -3*y + 2*z + 1197. Is y a prime number?
False
Suppose 5*f = r + 3*f - 9, 12 = 2*r - 2*f. Suppose 0*c + 5*c = 0. Suppose 0 = -r*o - 2*d + 387, -2*d + 649 = 5*o - c*d. Is o a prime number?
True
Suppose 143 = v + 5*f, v - 152 = -0*f - 2*f. Suppose -5*k + v = -3*k. Is k composite?
False
Let j be (26 - 0)/(2/(-3)). Is -5*(-1)/((-3)/j) composite?
True
Suppose p = -3*c + 17, -2*p - 15 = -5*c - p. Suppose -12 = 4*a, a = 5*n - c*a - 590. Is n composite?
True
Let b(i) = 391*i**3 + i**2 - 1. Is b(1) composite?
True
Suppose -3*c - 4*l = -82, 3*c + 0*c + l - 97 = 0. Is c a composite number?
True
Suppose b - 7568 + 20738 = 3*c, 4*b = 2*c - 8770. Is c a composite number?
False
Let k(p) = 3*p**3 - 8*p**2 - 8*p. Let o(r) = r**3 - 1. Let u(i) = -k(i) + 2*o(i). Let z be u(-6). Let t = 653 - z. Is t a prime number?
True
Let u = 19 - 17. Suppose 5*d + 28 = -u*n + 827, -2*d = -5*n - 337. Is d a prime number?
False
Suppose 4 = -4*a, u - 1176 - 210 = 5*a. Is u a prime number?
True
Let a(n) = n**2 - n + 5. Let o be a(0). Suppose -t + u = 2*t - 212, -4*t + 3*u = -286. Suppose 0*k = o*k - t. Is k composite?
True
Suppose 9 = 4*a - 7. Suppose g = -g + a. Suppose -89 = -2*y + 5*x, -80 = -y - y + g*x. Is y a prime number?
True
Is 2*(-373)/(-2)*1 a composite number?
False
Is 4452/24 + 1/(-2) a composite number?
True
Let p(y) = 40*y**2 - 2*y. Is p(1) prime?
False
Let f(w) = -307*w - 1. Is f(-2) a prime number?
True
Suppose 2*d = 3*l - 5*l + 128, 0 = 5*l + 4*d - 323. Is l a prime number?
True
Suppose 4*p - 2437 = 3*n, -2*n - 1814 = -3*p + 3*n. Is p a composite number?
False
Suppose 3*y = -y + 4604. Is y a composite number?
False
Let m = -2934 - -4357. Is m a composite number?
False
Let w(n) = -n**3 + 303. Let x be w(0). Suppose 0*y - 4*y + 20 = v, 4*v - 5*y = -4. Suppose 5*h = -25, -v*k - 82 = 3*h - x. Is k a composite number?
False
Suppose 0*o + 4*o + 5*c = -12, -12 = -3*c. Is 52/1 - (o - -5) a composite number?
True
Suppose -3*y + 18 = -999. Is y composite?
True
Suppose -2*d + 28 = -0*d. Let i = d + -10. Suppose 0 = -i*r + 3*r + 53. Is r a composite number?
False
Suppose -2*c + 16 + 12 = 4*k, -4*c = 2*k - 20. Let w be (4*k)/(3 - 4). Let b = w - -39. Is b a composite number?
True
Let c(y) = -3 - 2*y**2 - 7*y - 3 - 5*y**2 - y**3 + 2. Is c(-6) a prime number?
True
Let l(g) = 3*g**2 - 21*g + 17. Is l(13) composite?
False
Is -1*(-1401)/6*2 a prime number?
True
Let o be (-2)/(-5)*(-15)/(-6). Let q be (6/(-15))/(o/(-55)). Suppose 3*b = -q + 139. Is b prime?
False
Let l(y) = y**3 - 7*y**2 + 5*y + 6. Let n be l(6). Suppose 0 = -2*w - n*w + 6. Suppose w*o = o + 62. Is o a composite number?
False
Let k = -1 - -1. Suppose -4*s + 261 + 359 = k. Is s composite?
True
Suppose -3*z + 6 = h - 8, -2*z + 15 = -5*h. Let w(y) = -y**2 + 16*y - 21. Let o be w(18). Is -1*(h + 3 + o) a prime number?
False
Is 188/6*783/18 prime?
False
Let s(r) = -2*r**2 - r + 3. Let t be s(-4). Let o = t - -51. Is o a prime number?
False
Suppose 0 = 2*h + 4*p - 22, h - 2 = 3*p - 2*p. Suppose 591 = 2*x + x. Suppose -h*d + 58 = -x. Is d a prime number?
False
Let b(x) = -x**2 - 6*x + 8. Let u be b(-7). Is (u - -38) + (4 - 6) composite?
False
Let a be (-2040)/(-9) + 2/(-3). Let c = 495 - a. Suppose -4*z + c = 3*o + 2*o, -3*o = -5*z + 364. Is z a composite number?
False
Let w = 82 - -21. Is w composite?
False
Let h(s) = -4*s. Let y be h(1). Is (67/y)/((-2)/8) a prime number?
True
Let i(z) = 5*z**2 - 5*z + 4. Let a(h) = 2*h**2 - 2*h + 2. Let l(x) = -14*a(x) + 6*i(x). Let c be l(3). Let v(u) = -u**3 + 8*u**2 + 2*u - 9. Is v(c) prime?
True
Suppose 5*q + 5*i + 11 = -9, 15 = -3*i. Let a = 2 - q. Is -2 - (a + 0)*-12 composite?
True
Let l(m) = -m**2 + 3*m + 10. Let a be l(5). Is a - 2/((-8)/508) a composite number?
False
Let o(f) = -2*f + 5. Let j be o(4). Let i = j - -3. Suppose 3*z - 17 - 22 = i. Is z a prime number?
True
Suppose -g + 6*g - 198 = 3*i, g - i = 40. Is g composite?
True
Suppose 13 = 5*i - 2. Suppose -i*g + 131 = -106. Is g a prime number?
True
Let v be -138*(-16)/36*3. Let x = v - -181. Is x a composite number?
True
Let d = 9 + -6. Suppose 0 = 2*i + 4*u - 10, d*i + u = -0*i + 10. Suppose -i*x + 27 + 11 = z, -5*z + 4*x + 285 = 0. Is z composite?
False
Suppose 4*v - 6*v + 74 = 0. Is v a prime number?
True
Suppose -4*g + 133 = -t, 2*t = 3*g + 3*t - 105. Let u(b) = b**2 - 11*b + 2. Let m be u(11). Suppose -2*o + g = h, m*h - 87 = -2*o - 3*o. Is o a prime number?
True
Suppose 2*m = 2*z - 129 + 1649, -5*m + 3803 = -2*z. Is m a prime number?
True
Let k be -1 - (-2 + 4 - -587). Let c = -379 - k. Is c prime?
True
Let t(m) = m**2 - 3867. Let q be t(0). Let y be 4/(-22) - q/33. Let x = y - 64. Is x prime?
True
Suppose 4*w + w - 5185 = 0. Let d = -690 + w. Is d a composite number?
False
Suppose -2*x + 2348 = -374. Is x a composite number?
False
Let i(m) = -17*m**3 + m**2 - 2*m - 2. Let o be i(3). Let d = o - -655. Suppose -l = p + l - 43, 5*p + 4*l = d. Is p a prime number?
True
Let s(d) = 13*d + 1. Suppose -g - 5*q - 1 = 0, 4*g - q + 3 - 20 = 0. Is s(g) composite?
False
Let c(g) = g**2 - 5*g + 6. Let m be c(4). Suppose -r - z - 21 = -4*r, 9 = m*r + z. Is r a prime number?
False
Let y(k) = k + 11. Let m be y(-9). Suppose 17 - 199 = -m*c. Is c a composite number?
True
Suppose 0 = -2*f + 3*f - 223. Is f composite?
False
Suppose 2*y - 9 = -s - 0, -3*s = 3*y - 15. Suppose 55 = t + y*t. Is t a composite number?
False
Let t be 49/3*6/2. Suppose 5*y - 3*o = t, 6*y + o = 3*y + 21. Is 2/8 + 966/y a composite number?
True
Let o(y) = 40*y**2 - 7*y + 22. Is o(9) a composite number?
True
Suppose -3*b + 130 = 2*b. Let m = b + 93. Is m composite?
True
Let g = -41 + 57. Is (14/3)/(g/120) a composite number?
True
Let f(o) = 3*o**3 - 6*o**2 - 3*o - 7. Let p be 8 - (2 - (0 - 1)). Is f(p) a prime number?
False
Suppose 0 = -8*d + 3*d - 15, -3*d = 3*j - 687. Suppose -i + r = -109, 3*i - 5*r + r = 331. Let t = j - i. Is t a prime number?
True
Let j(u) be the first derivative of 5/3*u**3 + u + 0*u**2 - 2. Is j(-1) a composite number?
True
Let o(s) = -54*s + 5. Is o(-9) prime?
True
Let d(q) = -33*q + 47. Is d(-12) a prime number?
True
Let f(m) = m + 183. Is f(0) prime?
False
Let i = -213 - -340. Is i a composite number?
False
Let k(z) = -6*z - 3. Let g(c) = -c**2 + 9*c - 9. Let h be g(7). Suppose 2*u + 6 = -3*v, h*u = -0*v + 5*v - 40. Is k(u) a prime number?
False
Let x = -1 + 2. Let p be (-2 + x)*0/(-2). Suppose p = 4*u - 296 + 84. Is u prime?
True
Suppose -835 = -3*t + 2*t. Let m = 1170 - t. Is m a composite number?
True
Let n be -2 - 9/(-6)*4. Suppose -n*t + 12 = -28. Is t a composite number?
True
Suppose 4*w - 2*w - 10 = 0. Suppose -w*v + 108 = -217. Suppose -v = j - 6*j. Is j composite?
False
Let c = -3 + 3. Suppose c = -3*v + 21. Is v composite?
False
Is 12/3 - -115 - 0 prime?
False
Let r(g) = 2*g**3 - 10*g**2 + 11*g + 5. Is r(6) prime?
False
Suppose 0 - 2 = -o. Let t be o/8 + (-5)/20. Suppose -g - g + 46 = t. Is g a prime number?
True
Suppose -91 - 273 = -4*u. Is u a prime number?
False
Suppose 7 + 7 = 2*m. Suppose m*k = 9*k - 8. Is k a composite number?
True
Let l = 4 - 3. Let r be ((-9)/(-4))/(l/12). Let z = r - -28. Is z a composite number?
True
Let s(l) = 17*l**2 - 2*l - 7. Is s(4) composite?
False
Let r(z) = z**3 + 2. Let o be r(0). Suppose o*v + 0*v = 44. Is v prime?
False
Let r(v) = v**2 - v + 3. Let w(b) be the third derivative of -b**5/60 - b**4/4 + 2*b**3/3 + b**2. Let i be w(-6). Is r(i) composite?
True
Let w be 212 - 9/(2 - -1). Suppose -2*d + 3*d = w. Is d a prime number?